e remainder when 736 is divided by 152.
128
Calculate the remainder when 57 is divided by 3.
0
Calculate the remainder when 318 is divided by 19.
14
Calculate the remainder when 256 is divided by 20.
16
What is the remainder when 203 is divided by 26?
21
Calculate the remainder when 10318 is divided by 26.
22
Calculate the remainder when 224 is divided by 46.
40
Calculate the remainder when 5211 is divided by 1732.
15
Calculate the remainder when 929 is divided by 299.
32
What is the remainder when 224 is divided by 69?
17
What is the remainder when 1767 is divided by 17?
16
Calculate the remainder when 60 is divided by 60.
0
What is the remainder when 572 is divided by 92?
20
What is the remainder when 370 is divided by 94?
88
What is the remainder when 641 is divided by 28?
25
Calculate the remainder when 1245 is divided by 209.
200
Calculate the remainder when 1917 is divided by 129.
111
Calculate the remainder when 1906 is divided by 91.
86
Calculate the remainder when 3836 is divided by 15.
11
Calculate the remainder when 894 is divided by 19.
1
Calculate the remainder when 3827 is divided by 22.
21
What is the remainder when 208 is divided by 10?
8
Calculate the remainder when 1352 is divided by 72.
56
What is the remainder when 262 is divided by 53?
50
Calculate the remainder when 416 is divided by 139.
138
What is the remainder when 178 is divided by 40?
18
What is the remainder when 39331 is divided by 71?
68
Calculate the remainder when 406 is divided by 34.
32
Calculate the remainder when 14612 is divided by 116.
112
Calculate the remainder when 1822 is divided by 96.
94
What is the remainder when 14589 is divided by 16?
13
Calculate the remainder when 16079 is divided by 22.
19
What is the remainder when 91 is divided by 30?
1
Calculate the remainder when 128 is divided by 46.
36
Calculate the remainder when 111 is divided by 16.
15
What is the remainder when 1152 is divided by 380?
12
Calculate the remainder when 239 is divided by 9.
5
Calculate the remainder when 266 is divided by 17.
11
Calculate the remainder when 93 is divided by 92.
1
Calculate the remainder when 178 is divided by 70.
38
Calculate the remainder when 280 is divided by 154.
126
What is the remainder when 49 is divided by 35?
14
Calculate the remainder when 377 is divided by 64.
57
What is the remainder when 1143 is divided by 126?
9
What is the remainder when 1285 is divided by 108?
97
Calculate the remainder when 111 is divided by 9.
3
What is the remainder when 974 is divided by 39?
38
What is the remainder when 469 is divided by 20?
9
What is the remainder when 129 is divided by 20?
9
What is the remainder when 54 is divided by 8?
6
Calculate the remainder when 1787 is divided by 153.
104
Calculate the remainder when 17153 is divided by 24.
17
Calculate the remainder when 76 is divided by 27.
22
Calculate the remainder when 1378 is divided by 456.
10
Calculate the remainder when 1117 is divided by 35.
32
What is the remainder when 386 is divided by 178?
30
Calculate the remainder when 207 is divided by 104.
103
What is the remainder when 321 is divided by 7?
6
Calculate the remainder when 149 is divided by 30.
29
Calculate the remainder when 527 is divided by 133.
128
What is the remainder when 1118 is divided by 33?
29
What is the remainder when 92 is divided by 53?
39
Calculate the remainder when 432 is divided by 48.
0
Calculate the remainder when 76 is divided by 17.
8
What is the remainder when 396 is divided by 122?
30
What is the remainder when 226 is divided by 44?
6
Calculate the remainder when 76 is divided by 42.
34
Calculate the remainder when 423 is divided by 207.
9
Calculate the remainder when 123 is divided by 60.
3
What is the remainder when 143 is divided by 39?
26
What is the remainder when 235 is divided by 17?
14
Calculate the remainder when 33 is divided by 17.
16
Calculate the remainder when 118 is divided by 53.
12
Calculate the remainder when 2744 is divided by 21.
14
Calculate the remainder when 76 is divided by 45.
31
What is the remainder when 241 is divided by 62?
55
What is the remainder when 664 is divided by 26?
14
Calculate the remainder when 66 is divided by 17.
15
Calculate the remainder when 446 is divided by 142.
20
What is the remainder when 2391 is divided by 27?
15
Calculate the remainder when 7863 is divided by 1122.
9
What is the remainder when 328 is divided by 28?
20
What is the remainder when 4913 is divided by 41?
34
What is the remainder when 333 is divided by 48?
45
Calculate the remainder when 785 is divided by 11.
4
Calculate the remainder when 458 is divided by 226.
6
Calculate the remainder when 145 is divided by 7.
5
What is the remainder when 114 is divided by 23?
22
What is the remainder when 3122 is divided by 121?
97
Calculate the remainder when 762 is divided by 78.
60
Calculate the remainder when 70 is divided by 5.
0
What is the remainder when 591 is divided by 18?
15
What is the remainder when 318 is divided by 10?
8
What is the remainder when 1128 is divided by 42?
36
Calculate the remainder when 256 is divided by 72.
40
What is the remainder when 22037 is divided by 290?
287
Calculate the remainder when 222 is divided by 58.
48
What is the remainder when 2682 is divided by 34?
30
What is the remainder when 1161 is divided by 12?
9
Calculate the remainder when 9 is divided by 9.
0
What is the remainder when 74 is divided by 14?
4
What is the remainder when 112 is divided by 37?
1
Calculate the remainder when 39 is divided by 23.
16
What is the remainder when 488 is divided by 70?
68
Calculate the remainder when 453 is divided by 38.
35
Calculate the remainder when 2770 is divided by 66.
64
What is the remainder when 283 is divided by 14?
3
What is the remainder when 189 is divided by 60?
9
What is the remainder when 5553 is divided by 2764?
25
What is the remainder when 377 is divided by 64?
57
Calculate the remainder when 942 is divided by 23.
22
What is the remainder when 791 is divided by 157?
6
Calculate the remainder when 110 is divided by 17.
8
What is the remainder when 145 is divided by 74?
71
Calculate the remainder when 276 is divided by 20.
16
What is the remainder when 14942 is divided by 35?
32
Calculate the remainder when 136 is divided by 23.
21
Calculate the remainder when 273 is divided by 135.
3
Calculate the remainder when 150 is divided by 43.
21
What is the remainder when 155 is divided by 16?
11
What is the remainder when 42 is divided by 4?
2
What is the remainder when 906 is divided by 57?
51
Calculate the remainder when 226 is divided by 37.
4
What is the remainder when 478 is divided by 69?
64
What is the remainder when 76 is divided by 27?
22
What is the remainder when 79 is divided by 54?
25
Calculate the remainder when 1664 is divided by 13.
0
Calculate the remainder when 74 is divided by 23.
5
Calculate the remainder when 19750 is divided by 14.
10
Calculate the remainder when 17669 is divided by 93.
92
Calculate the remainder when 92 is divided by 10.
2
What is the remainder when 231 is divided by 68?
27
What is the remainder when 63 is divided by 24?
15
Calculate the remainder when 4173 is divided by 36.
33
Calculate the remainder when 109 is divided by 109.
0
Calculate the remainder when 98 is divided by 37.
24
What is the remainder when 182 is divided by 97?
85
What is the remainder when 34 is divided by 2?
0
Calculate the remainder when 347 is divided by 31.
6
Calculate the remainder when 71 is divided by 3.
2
What is the remainder when 66 is divided by 14?
10
What is the remainder when 628 is divided by 227?
174
What is the remainder when 828 is divided by 124?
84
Calculate the remainder when 37 is divided by 22.
15
What is the remainder when 31697 is divided by 100?
97
What is the remainder when 1139 is divided by 284?
3
Calculate the remainder when 335 is divided by 42.
41
What is the remainder when 7491 is divided by 2495?
6
Calculate the remainder when 616 is divided by 31.
27
What is the remainder when 680 is divided by 22?
20
Calculate the remainder when 588 is divided by 31.
30
What is the remainder when 56911 is divided by 61?
59
What is the remainder when 107 is divided by 23?
15
Calculate the remainder when 4520 is divided by 30.
20
What is the re